)*h.
53
Suppose 85*c + 2280 = 125*c. What is the remainder when 1258 is divided by c?
4
Let y(x) = -3*x + 90. Calculate the remainder when 247 is divided by y(16).
37
Suppose -24*z = -18*z - 48. Let f(w) = -7*w**2 + 41*w + 4. Let t be f(z). Let m = 121 + t. Calculate the remainder when 12 is divided by m.
2
Let f = 1429 - 1427. What is the remainder when 4439 is divided by f?
1
Suppose 788 = 2*h - 4*c, -3*c - 2*c + 429 = h. Let b = h + -355. What is the remainder when b is divided by 17?
15
Let p(v) = -32*v - 47. Let i be p(-7). Suppose m - i = -171. Calculate the remainder when m is divided by 6.
0
Let y = 1550 - 983. Suppose 6*m + m = y. What is the remainder when m is divided by 2/4 + 55/2?
25
Let g(d) = -2*d**2 + d + 19. Let f(r) = -r**2 + r + 10. Let z(s) = 7*f(s) - 4*g(s). Let b(y) = 42*y - 18. What is the remainder when b(2) is divided by z(-5)?
2
Let l(r) = r**2 + 7*r - 195. Calculate the remainder when 185 is divided by l(11).
2
Suppose 7*y - 262 = -94. Let r(u) = u**3 - 22*u**2 - 37*u + 25. What is the remainder when r(y) is divided by 29?
28
Let w = 135 + -48. Let z(j) = -2*j**3 + 3*j**2 + 2*j - 6. Let i be z(4). Let m = i + w. Calculate the remainder when 32 is divided by m.
5
Let d = -139 - -141. Suppose -14*s + 12 = -d*s. Calculate the remainder when 14 is divided by s.
0
Let r(n) = n**2 - 27*n - 571. What is the remainder when 243 is divided by r(-16)?
9
Let w = 746 - 256. Let s = -467 + w. What is the remainder when 41 is divided by s?
18
Suppose 707*s + 7980 = 897*s. Let t(o) = -42*o - 5. Calculate the remainder when t(-4) is divided by s.
37
Suppose 9*a - 5*a - 9 = -i, 5*a = -2*i + 33. What is the remainder when 7390 is divided by i?
24
Suppose -3*y + 1129 = -5*p, 0 = 10*y - 9*y + 2*p - 380. Let n = -171 + y. Calculate the remainder when n is divided by 65.
12
Let k(d) = -d**3 - 7*d**2 - 20*d - 11. Let a = -549 + 543. What is the remainder when k(a) is divided by 10?
3
Suppose -12*t - 281 - 643 = 0. Let i = t + 79. What is the remainder when 13 is divided by i?
1
Suppose -2*p + k - 1 + 7 = 0, 5*k + 12 = p. Suppose p*x = x + 7. Suppose 0 = -2*i + 1 + x. Calculate the remainder when 10 is divided by i.
2
Suppose 0*i - 3*i = -2*i. Suppose -3*w + 4*x = -394, 9*w - 11*w + 5*x + 251 = i. Calculate the remainder when w is divided by 18.
12
Suppose -5*s - 11*b + 8*b = -32, -4 = -2*s + b. What is the remainder when -8 + 31/s + 2241/4 is divided by 51?
50
Suppose 0 = -3*l + 4*d - 137, 5*l = l - 2*d - 190. Calculate the remainder when (7 - 1)*(-5)/10*l is divided by 13.
11
Let j(n) = -n**2 - 16*n + 33. Let m be j(15). Let v = m - -659. Calculate the remainder when v is divided by 58.
53
Suppose 0 = -100*y + 101*y + 5*v - 106, 2*y = -2*v + 140. Let z be -39 + (-1 - -1 - -1). Let q = -21 - z. What is the remainder when y is divided by q?
10
Suppose 0 = -6*r + 7*r - 152. Let f be ((-4)/12)/((-3)/(702/2)). Suppose -4*o + f + 65 = 0. What is the remainder when r is divided by o?
22
Suppose 2024 = 50*r - 27*r. What is the remainder when r is divided by 69?
19
Let i(y) = 6*y**3 + 6*y**2 - 14*y**2 - 4*y - 2 - 5*y**3. What is the remainder when i(9) is divided by 72*(-12)/384*(-32)/6?
7
Suppose z - 3*y = 32, 5*z + 8*y - 3*y - 140 = 0. Let b = 156 - 41. What is the remainder when b is divided by z?
28
Let l(n) = -9*n - 21. Let q be l(-9). Let j = q - 50. Calculate the remainder when (-306)/(-2)*(j + -9) is divided by 52.
49
Let k = 32 + 28. Let r = -6568 - -6577. What is the remainder when k is divided by r?
6
Let t(q) = 6*q + 19. Let y be t(-3). What is the remainder when (-2)/(-6) + (209/3 - y) is divided by 24?
21
Suppose 3*v - 3*s = 96, 0 = 4*s + 5 + 11. Calculate the remainder when 8651 is divided by v.
27
Suppose -4*s + 21*r + 16 = 19*r, 3*r = s + 1. Let h(n) = -6*n + 6. Let c be h(4). Let q = -13 - c. Calculate the remainder when q is divided by s.
0
Let z = -110 + 95. Let l(v) = 2*v**2 + 22*v - 114. Calculate the remainder when 108 is divided by l(z).
0
Let x(b) = 2*b**2 + 46*b + 387. Calculate the remainder when x(-25) is divided by 16.
7
Suppose 1 + 24 = 5*a, -5*a - 5 = -o. What is the remainder when 55 is divided by -7 + 496/72 + o/27?
0
Let g = -24457 + 24516. Calculate the remainder when 1678 is divided by g.
26
Let t = 579 - 570. Calculate the remainder when 1988 is divided by t.
8
Suppose -33*x + 874 + 908 = 0. What is the remainder when 84 is divided by x?
30
Suppose 10 = -2*z, -67*h - 2*z + 11290 = -63*h. What is the remainder when h is divided by 118?
111
Suppose 157*d - 36122 - 11920 = 0. What is the remainder when d is divided by 38?
2
Let m = 14403 - 14332. Calculate the remainder when 453 is divided by m.
27
Suppose -23*y - 14921 - 3735 = -92923. What is the remainder when y is divided by 202?
199
Let g = -103 - -100. Calculate the remainder when 107 is divided by 243/3*g/(-9).
26
Let q = -10251 - -10598. Calculate the remainder when q is divided by 30.
17
Let q = 47 + -45. Suppose -4 = 2*s - q*a - 2*a, -4*s = -a - 13. Suppose 0 = -7*f + s*f + 114. What is the remainder when f is divided by 11?
5
Let g(f) = -15*f - 1054. What is the remainder when 133 is divided by g(-72)?
3
Let c be (-3)/(-1) - (-69 - 8). Suppose 3*k - 37 - c = 0. Suppose -k = -5*u + 111. Calculate the remainder when 179 is divided by u.
29
Suppose 9*p - 9 = -135. Let q(r) = 22*r + 344. What is the remainder when q(p) is divided by (-1)/4 + (-57)/(-4)?
8
Let c(p) = p**2 + 4. Let b be c(-2). Suppose -128 = b*t - 12*t. Calculate the remainder when 53 is divided by t.
21
Calculate the remainder when (-4)/28 - (-176)/14*(-9297)/(-18) is divided by 2161.
10
Let y = 22041 - 21973. What is the remainder when 316 is divided by y?
44
Let m(t) = -t**2 - 9*t + 20. Suppose -5*o + 3*w - 43 = 0, 3*w + 67 = -5*o - 0*w. Let f be m(o). What is the remainder when 19 is divided by (-15)/f - 2/4?
5
Suppose -u + 327 = -3*c + 159, -2*c = 12. Calculate the remainder when u is divided by 4 - 1 - (-31)/1.
14
Let w = -16903 - -17252. What is the remainder when 704 is divided by w?
6
Let g(b) = -b**2 - 29*b + 123. Let t be g(-18). Suppose -53 = -34*a + t. Calculate the remainder when 74 is divided by a.
8
Let u be 5/((-60)/186)*-2. Suppose 0 = 4*g - 25*o + 28*o - u, -4*o + 20 = 0. What is the remainder when 23 is divided by g?
3
Let y = 460 + -460. Suppose y = -9*p - 7 + 151. Calculate the remainder when 93 is divided by p.
13
Let n = 14 + -6. Suppose -k - 3*v + 1 = 3, -2*v = 3*k - n. Suppose 4*z + g - 265 = 0, -k*z = -9*z - g + 332. Calculate the remainder when z is divided by 14.
11
Suppose -w + a + 1706 = 0, 7028 = 5*w + 2*a - 1530. What is the remainder when w is divided by 564?
18
Let p = -126 + 125. Let k be (2 - (-3 - -4))/p*-12. Let r(d) = 2*d**2 - 21*d + 8. What is the remainder when r(k) is divided by 26?
18
Let q(m) = -3*m**2 + 43*m + 35. Let c be q(15). Suppose -c*h = -9 - 51. What is the remainder when 70 is divided by h?
10
Let s = 219326 + -219292. What is the remainder when (-4598)/(-8) - (-1)/4 is divided by s?
31
Let c be (-2)/(-12) + 73/(-6). Let p = 11 + c. Calculate the remainder when 169 is divided by (-12)/36*(-128 + p).
40
Suppose 71*b - 124*b + 4134 = 0. What is the remainder when 8107 is divided by b?
73
Let m be 352/10 - 2/10. Let n = 45 - m. Calculate the remainder when 20 is divided by n - (-4 - 2/(-1)).
8
Let c(z) = -32*z**3 - z**2 + z + 1. Suppose -2*o - 182 = 124. Let s = o - -275. What is the remainder when s is divided by c(-1)?
29
Suppose 9 = -4*q + 29. Suppose 0 = -q*c - 20 - 10. Let m = 31 + c. What is the remainder when 49 is divided by m?
24
Let d(y) = 24*y + 22. Let k(b) = b + 21. Let m be k(-17). Let w be m - 8/(-2) - 2. What is the remainder when d(w) is divided by 24?
22
Suppose -25*r + 1813 = 12*r. What is the remainder when r is divided by 41?
8
Suppose -4 = q, 2*i - 4*q - 88 = 12. Suppose 12 = j - 3. What is the remainder when i is divided by j?
12
Suppose 0 = 4*n + 3*h - 893, 4*n = -5*h + 581 + 310. What is the remainder when n is divided by 18?
8
Suppose 0 = u - 0*y - 2*y - 5973, -3 = -3*y. What is the remainder when u is divided by 11?
2
What is the remainder when 76 is divided by -11 + (-3)/((-12)/(-920)*-5)?
6
Let y(a) = 61*a + 1. Let d(s) = 2*s**3 - 17*s**2 + 8*s - 1. Let f be d(8). Let v be y(f). Let c = v - -67. What is the r